
Let x(c) = -c**3 + 252*c**2 - 2980*c + 135524. Calculate x(242).
4
Let m(j) = j**2 + 6886*j + 368866. Give m(-54).
-62
Let k(m) = 18*m**3 - 13*m**2 - 26*m + 4. Determine k(4).
844
Let l(w) = -w**3 + 284*w**2 + 4104*w + 20258. Give l(298).
-6
Let s(u) = -3913*u + 183974. Calculate s(47).
63
Let a(q) = 79*q - 1976. Calculate a(18).
-554
Let p(b) = 2*b**2 - 277*b + 1575. What is p(34)?
-5531
Let n(c) = -c**2 - 4355*c + 30297. Calculate n(7).
-237
Let r(t) = -8*t**2 + 41*t + 124. Determine r(9).
-155
Let k(s) = -7*s**2 - 21*s - 88. What is k(-4)?
-116
Let s(i) = 4*i**2 + 1221*i + 19819. Calculate s(-17).
218
Let n(x) = x**3 + 921*x**2 - 43470*x - 7. Calculate n(-966).
-7
Let f(b) = -1091*b**2 + 2917*b + 5834. Determine f(-2).
-4364
Let g(j) = -j**3 - 33*j**2 - 565*j - 4721. What is g(-16)?
-33
Let n(d) = -29738*d - 2914327. Give n(-98).
-3
Let m(q) = -q**2 - 5130*q - 76575. What is m(-15)?
150
Let k(d) = -21827*d + 21936. Calculate k(1).
109
Let o(k) = -12869*k - 295935. Calculate o(-23).
52
Let b(z) = -41745*z - 417428. Give b(-10).
22
Let s(t) = 4*t**3 + 194*t**2 + 1330*t. What is s(-8)?
-272
Let h(t) = -t**3 + 3*t**2 + 2*t - 1. Determine h(11).
-947
Let i(x) = -2197*x + 960027. Give i(437).
-62
Let i(g) = -128*g**2 - 651*g + 4. Give i(-6).
-698
Let n(s) = -s**2 + 2173*s + 51844. Calculate n(-24).
-884
Let u(r) = r**3 + 15*r**2 + 263*r + 3494. Determine u(-14).
8
Let n(m) = -8*m**3 + 3449*m**2 - 452*m + 9043. What is n(431)?
-8
Let w(u) = 2*u**3 - 896*u**2 - 5450*u + 942. What is w(454)?
34
Let i(a) = 3*a**3 - 6*a**2 + 7*a + 120. Calculate i(5).
380
Let o(d) = 9622*d + 1202749. Calculate o(-125).
-1
Let x(c) = -1326*c + 701621. What is x(529)?
167
Let d(u) = 4*u**3 + 81*u**2 - 70*u - 51. Give d(-21).
96
Let a(y) = y**2 - 1528*y - 215544. What is a(-130)?
-4
Let z(m) = -m**3 - 91*m**2 - m - 89. Give z(-91).
2
Let c(a) = 9117*a - 246169. What is c(27)?
-10
Let f(z) = z**2 + 136*z + 4135. Determine f(-72).
-473
Let t(v) = 3*v**3 + 57*v**2 - 2703*v - 51344. Calculate t(-19).
13
Let f(d) = -15*d**2 - 3745*d - 2474. Determine f(-249).
16
Let o(h) = 2*h**2 - 579*h - 75888. Determine o(-98).
62
Let u(s) = 258125*s + 1032501. Determine u(-4).
1
Let j(q) = 260*q**2 + 3428*q - 62. What is j(-13)?
-686
Let t(d) = -19070*d + 1277694. Calculate t(67).
4
Let f(r) = -5*r**3 - r**2 + 185*r + 187. Calculate f(-1).
6
Let r(u) = 927*u + 58361. What is r(-63)?
-40
Let v(c) = -56427*c - 2257056. What is v(-40)?
24
Let b(r) = -r**3 - 8*r**2 - 95172*r - 666153. Calculate b(-7).
2
Let d(o) = -1821476*o - 41893950. Determine d(-23).
-2
Let x(y) = -36*y**2 - 322*y + 99. Determine x(-9).
81
Let i(v) = 13*v**2 - 1679*v - 10076. Calculate i(-6).
466
Let r(u) = 4*u**3 + 2861*u**2 + 706*u - 6448. Give r(-715).
-13
Let d(b) = b**3 + 236*b**2 + 8452*b + 176. Determine d(-44).
0
Let m(y) = 4022*y - 19663. Determine m(5).
447
Let r(d) = 7407*d - 59247. What is r(8)?
9
Let i(d) = d**2 - 7847*d + 536685. What is i(69)?
3
Let w(d) = d**3 + 460*d**2 - 11107*d + 93. Calculate w(23).
139
Let a(u) = u**3 + 7*u**2 - 173*u - 73. Give a(-17).
-22
Let t(o) = 34734*o + 208175. Give t(-6).
-229
Let s(x) = -x**3 + 25*x**2 + 40*x - 60. Calculate s(26).
304
Let u(y) = 39*y**3 + 9*y**2 + 183*y + 177. Give u(-1).
-36
Let i(k) = k**3 - 3*k**2 + 249732*k + 249734. Give i(-1).
-2
Let f(x) = -19353*x + 329015. What is f(17)?
14
Let q(o) = -o**3 + 244*o**2 - 482*o - 657. Determine q(242).
-173
Let j(m) = -m**3 - 184*m**2 - 1612*m - 128316. Determine j(-179).
27
Let l(s) = -s**3 + 49*s**2 - 32*s + 1680. Give l(49).
112
Let k(j) = 723*j + 78053. What is k(-108)?
-31
Let i(f) = 19*f**2 - 4829*f + 156064. Calculate i(38).
-2
Let t(x) = x**3 + 29*x**2 + 166*x + 224. Determine t(-5).
-6
Let j(z) = -37*z**2 + 261*z + 1131. Give j(-6).
-1767
Let k(b) = -b**2 - 2121*b - 849554. Calculate k(-536).
6
Let d(v) = 2*v**2 + 101*v - 1954. What is d(15)?
11
Let i(l) = 10449*l + 302396. Determine i(-29).
-625
Let c(i) = -93*i**3 - 1087*i**2 + 2178*i + 1. Calculate c(2).
-735
Let l(o) = -960*o + 121895. What is l(127)?
-25
Let n(r) = 153841*r + 9845822. Give n(-64).
-2
Let j(x) = 2*x**3 + 48*x**2 + 111*x + 632. Calculate j(-19).
2133
Let p(r) = -5*r**2 + 113*r - 1024. What is p(10)?
-394
Let t(u) = -5*u**3 + 10*u**2 + 243*u - 839. Give t(3).
-155
Let p(z) = 10*z**3 - 398*z**2 - 88*z - 178. Calculate p(40).
-498
Let x(u) = -130*u - 10422. Give x(-69).
-1452
Let t(j) = 2*j**3 - 7*j**2 - 39*j - 30. Give t(-2).
4
Let k(i) = -i**2 + 1345*i + 37729. Give k(-27).
685
Let z(m) = 21*m**2 - 362*m + 750. Determine z(15).
45
Let z(o) = -2*o**3 + 4*o**2 + 86*o + 38. Give z(7).
150
Let b(i) = -296*i + 6636. Calculate b(18).
1308
Let u(z) = z**3 + 80*z**2 - 129*z - 16251. Calculate u(-79).
181
Let s(q) = 2525*q**2 + 30293*q - 83. What is s(-12)?
1
Let v(q) = 3*q**2 + 653*q - 847. Determine v(-219).
29
Let u(j) = -272*j**2 + 10183*j - 14105. Calculate u(36).
-29
Let a(l) = -28933*l - 289414. Give a(-10).
-84
Let b(m) = -9*m**3 - 474*m**2 - 2397*m + 21. Give b(-47).
21
Let g(o) = 9*o**2 - 1929*o + 62017. Determine g(175).
67
Let m(i) = -i**3 - 16*i**2 + 108*i + 1396. Give m(-17).
-151
Let q(f) = 2*f**2 + 57*f - 92. What is q(-16)?
-492
Let b(a) = -2*a**3 - 44*a**2 + 238*a - 5. Calculate b(4).
115
Let h(y) = 97*y**2 - 41011*y - 132474. Determine h(426).
12
Let f(m) = 4*m**3 - 68*m**2 - 22*m + 851. Determine f(15).
-1279
Let r(f) = 3*f**3 - 2*f**2 + 5249*f - 10505. Calculate r(2).
9
Let s(t) = -t**2 - 56*t - 707. Calculate s(-31).
68
Let i(o) = o**3 + 218*o**2 + 2710*o + 9440. Give i(-205).
215
Let y(x) = -87*x**2 - 2211*x - 902. Calculate y(-25).
-2
Let j(m) = 196*m**3 - 26*m**2 - 138*m + 162. Calculate j(1).
194
Let a(g) = -3757*g - 18703. Calculate a(-5).
82
Let f(h) = -6*h**2 + 494*h - 10019. Give f(41).
149
Let c(q) = -q**3 + 5*q**2 - 3227*q + 8. Calculate c(0).
8
Let n(j) = 3*j**3 + 14*j**2 - 3421*j - 13676. What is n(-4)?
40
Let j(l) = -l**2 - 84*l - 1513. Determine j(-57).
26
Let f(d) = 199*d**2 - 116*d - 5. Calculate f(1).
78
Let r(y) = -26*y**2 + 2055*y + 123. Determine r(79).
202
Let g(r) = 2*r**2 - 14*r + 614. Calculate g(17).
954
Let z(w) = 18*w**2 + 52*w - 231. Determine z(6).
729
Let t(b) = 4*b**2 - 405*b - 721. Calculate t(103).
0
Let s(o) = 6973*o + 62642. Determine s(-9).
-115
Let g(j) = 738*j + 25333. Determine g(-34).
241
Let y(d) = 16752*d + 167531. Give y(-10).
11
Let d(m) = -269*m + 6692. Give d(23).
505
Let b(x) = 3*x**3 + 366*x**2 - 1135*x - 1261. What is b(-125)?
-11
Let o(h) = 109709*h - 1316501. Calculate o(12).
7
Let r(b) = -11524*b + 69250. What is r(6)?
106
Let r(p) = -6*p**2 + 4097*p - 497168. Give r(525).
7
Let o(c) = 19371*c - 1414076. Determine o(73).
7
Let i(o) = 24*o**2 - 244*o - 26. Determine i(10).
-66
Let b(m) = -122860*m + 3317210. Calculate b(27).
-10
Let y(v) = 18*v**2 + 284*v + 622. Give y(-13).
-28
Let a(q) = 141*q**2 - 1278*q + 66. Give a(9).
-15
Let t(x) = -20503*x - 246044. Give t(-12).
-8
Let o(q) = 2*q**3 - 10*q**2 + q + 36. Calculate o(5).
41
Let v(g) = 21*g**3 - 42*g**2 + 18*g - 22. What is v(3)?
221
Let a(k) = -369*k + 3926. Give a(10).
236
Let y(i) = -i**2 + 86*i + 69. Calculate y(78).
693
Let p(i) = 212*i**2 - 4639*i - 327. Determine p(22).
223
Let n(b) = -12*b**2 + 8*b + 144. Give n(-2).
80
Let u(c) = -25*c + 1787. What is u(80)?
-213
Let w(c) = 189*c + 14951. Give w(-78).
209
Let i(n) = 632*n - 12649. Determine i(20).
-9
Let c(q) = -8617*q - 86167. Determine c(-10).
3
Let i(p) = 5*p**3 + 212*p**2 - 164*p - 1493. Determine i(-43).
12
Let o(k) = -4*k**2 - 6383*k + 487263. Give o(73).
-12
Let r(j) = -8*j**3 - 41*j**2 - 212*j + 1. Give r(-4).
705
Let j(p) = -146*p**2 + 2776*p - 48. What is j(19)?
-10
Let h(d) = -14*d**2 - 290*d - 29. Give h(-17).
855
Let t(d) = 2*d**2 - 60448*d + 362653. Calculate t(6).
37
Let l(r) = r**2 + 2097*r + 246765. Calculate l(-125).
265
Let f(w) = -w**2 - 14066*w - 2485777. What is f(-179)?
-4
Let v(z) = -2*z**2 + 646*z + 12025. What is v(-18)?
-251
Let l(p) = p**3 - 35*p**2 - 867*p - 14. What is l(-17)?
-303
Let y(p) = -82705*p - 1902228. Calculate y(-23).
-13
Let m(y) = 104129*y - 1353860. Determine m(13).
-183
Let x(z) = -466*z - 9278. Calculate x(-20).
42
Let r(y) = -2*y**2 - 3001*y - 400332. What is r(-148)?
8
Let u(h) = -12793*h + 23321. Calculate u(